{"id":167,"date":"2014-10-05T14:52:11","date_gmt":"2014-10-05T14:52:11","guid":{"rendered":"http:\/\/www.i-logic.cc\/?page_id=167"},"modified":"2014-11-07T20:22:52","modified_gmt":"2014-11-07T20:22:52","slug":"infobereich","status":"publish","type":"page","link":"https:\/\/www.i-logic.at\/?page_id=167","title":{"rendered":"Infobereich"},"content":{"rendered":"<section class=\"av_textblock_section\"  itemscope=\"itemscope\" itemtype=\"https:\/\/schema.org\/CreativeWork\" ><div class='avia_textblock '  itemprop=\"text\" ><h2 style=\"text-align: center;\"><strong><b>Infobereich<\/b><\/strong><\/h2>\n<\/div><\/section>\n<div style='height:20px' class='hr hr-invisible '><span class='hr-inner'><span class='hr-inner-style'><\/span><\/span><\/div>\n<div class='avia-image-container avia_animated_image avia_animate_when_almost_visible top-to-bottom av-styling-  avia-align-center '  itemscope=\"itemscope\" itemtype=\"https:\/\/schema.org\/ImageObject\"  ><div class='avia-image-container-inner'><a href='https:\/\/www.i-logic.at\/wp-content\/uploads\/2014\/10\/53A5440_featuredslim-1030x295.png' class='avia_image'  ><img class='avia_image ' src='https:\/\/www.i-logic.at\/wp-content\/uploads\/2014\/10\/53A5440_featuredslim-1500x430.png' alt='' title='i-Logic'  itemprop=\"contentURL\"  \/><\/a><\/div><\/div>\n<div style='height:20px' class='hr hr-invisible '><span class='hr-inner'><span class='hr-inner-style'><\/span><\/span><\/div>\n<div class=\"flex_column av_one_third first  \"><section class=\"av_textblock_section\"  itemscope=\"itemscope\" itemtype=\"https:\/\/schema.org\/CreativeWork\" ><div class='avia_textblock '  itemprop=\"text\" ><p>Hier finden Sie allgemeine Fracht-Informationen sowie nutzvolle Unterlagen, welche Sie in Ihrem Daily Business gut gebrauchen k\u00f6nnten. Sollten Sie zus\u00e4tzliche Informationen ben\u00f6tigen, wenden Sie sich bitte direkt an <a title=\"Kontakt\" href=\"http:\/\/www.i-logic.cc\/?page_id=175\">uns<\/a>.<\/p>\n<\/div><\/section>\n<\/div><div class=\"flex_column av_two_third   \"><div class=\"tabcontainer  top_tab  \">\n\n<section class=\"av_tab_section\"  itemscope=\"itemscope\" itemtype=\"https:\/\/schema.org\/CreativeWork\" >    <div data-fake-id=\"#tab-id-1\" class=\"tab active_tab\"  itemprop=\"headline\" >CMR<\/div>\n    <div id=\"tab-id-1-container\" class=\"tab_content active_tab_content\">\n        <div class=\"tab_inner_content invers-color\"  itemprop=\"text\" >\n<p>&#8220;\u00dcbereinkommen \u00fcber den Bef\u00f6rderungsvertrag im internationalen Stra\u00dfeng\u00fcterverkehr&#8221; (Convention relative au contrat de transport international de marchandises par route)\u00a0sind die rechtliche Grundlage f\u00fcr LKW Transporte.<\/p>\n<div class='avia-button-wrap avia-button-left '><a href='http:\/\/www.i-logic.cc\/wp-content\/uploads\/2014\/10\/CMRdt.pdf' class='avia-button avia-icon_select-no avia-color-theme-color avia-size-medium avia-position-left '  target=\"_blank\"   ><span class='avia_button_icon' aria-hidden='true' data-av_icon='\ue800' data-av_iconfont='entypo-fontello'><\/span><span class='avia_iconbox_title' >PDF Download<\/span><\/a><\/div>\n\n        <\/div>\n    <\/div>\n<\/section>\n\n<section class=\"av_tab_section\"  itemscope=\"itemscope\" itemtype=\"https:\/\/schema.org\/CreativeWork\" >    <div data-fake-id=\"#tab-id-2\" class=\"tab \"  itemprop=\"headline\" >Haager Regeln<\/div>\n    <div id=\"tab-id-2-container\" class=\"tab_content \">\n        <div class=\"tab_inner_content invers-color\"  itemprop=\"text\" >\n<p>&#8220;\u00dcbereinkommen zur Vereinheitlichung von Regeln \u00fcber Konnossemente&#8221; sind die rechtliche Grundlage f\u00fcr Seefrachttransporte.<\/p>\n<div class='avia-button-wrap avia-button-left '><a href='http:\/\/www.i-logic.cc\/wp-content\/uploads\/2014\/10\/Haager_Regeln_001.pdf' class='avia-button avia-icon_select-no avia-color-theme-color avia-size-medium avia-position-left '  target=\"_blank\"   ><span class='avia_button_icon' aria-hidden='true' data-av_icon='\ue800' data-av_iconfont='entypo-fontello'><\/span><span class='avia_iconbox_title' >PDF Download<\/span><\/a><\/div>\n\n        <\/div>\n    <\/div>\n<\/section>\n\n<section class=\"av_tab_section\"  itemscope=\"itemscope\" itemtype=\"https:\/\/schema.org\/CreativeWork\" >    <div data-fake-id=\"#tab-id-3\" class=\"tab \"  itemprop=\"headline\" >CIM<\/div>\n    <div id=\"tab-id-3-container\" class=\"tab_content \">\n        <div class=\"tab_inner_content invers-color\"  itemprop=\"text\" >\n<p>\u00dcbereinkommen \u00fcber den internationalen Eisenbahnverkehr (Convention relative aux transports internationaux ferroviaires) sind die rechtliche Grundlage f\u00fcr Bahntransporte.<\/p>\n<div class='avia-button-wrap avia-button-left '><a href='http:\/\/www.i-logic.cc\/wp-content\/uploads\/2014\/10\/CIM.pdf' class='avia-button avia-icon_select-no avia-color-theme-color avia-size-medium avia-position-left '  target=\"_blank\"   ><span class='avia_button_icon' aria-hidden='true' data-av_icon='\ue800' data-av_iconfont='entypo-fontello'><\/span><span class='avia_iconbox_title' >PDF Download<\/span><\/a><\/div>\n\n        <\/div>\n    <\/div>\n<\/section>\n\n<section class=\"av_tab_section\"  itemscope=\"itemscope\" itemtype=\"https:\/\/schema.org\/CreativeWork\" >    <div data-fake-id=\"#tab-id-4\" class=\"tab \"  itemprop=\"headline\" >Warschauer Abkommen<\/div>\n    <div id=\"tab-id-4-container\" class=\"tab_content \">\n        <div class=\"tab_inner_content invers-color\"  itemprop=\"text\" >\n<p>\u00dcbereinkommen \u00fcber die Bef\u00f6rderung im internationalen Luftverkehr welches f\u00fcr viele Staaten inzwischen durch das Montrealer \u00dcbereinkommen abgel\u00f6st wurde.<\/p>\n<div class='avia-button-wrap avia-button-left '><a href='http:\/\/www.i-logic.cc\/wp-content\/uploads\/2014\/10\/Warschauer-Abkommen-deutsch.pdf' class='avia-button avia-icon_select-no avia-color-theme-color avia-size-medium avia-position-left '  target=\"_blank\"   ><span class='avia_button_icon' aria-hidden='true' data-av_icon='\ue800' data-av_iconfont='entypo-fontello'><\/span><span class='avia_iconbox_title' >PDF Download<\/span><\/a><\/div>\n\n        <\/div>\n    <\/div>\n<\/section>\n\n<section class=\"av_tab_section\"  itemscope=\"itemscope\" itemtype=\"https:\/\/schema.org\/CreativeWork\" >    <div data-fake-id=\"#tab-id-5\" class=\"tab \"  itemprop=\"headline\" >A\u00d6Sp<\/div>\n    <div id=\"tab-id-5-container\" class=\"tab_content \">\n        <div class=\"tab_inner_content invers-color\"  itemprop=\"text\" >\n<p>Allgemeine \u00d6sterreichische Spediteurbedingungen (A\u00d6Sp)<\/p>\n<div class='avia-button-wrap avia-button-left '><a href='http:\/\/www.i-logic.cc\/wp-content\/uploads\/2014\/10\/aoesp.pdf' class='avia-button avia-icon_select-no avia-color-theme-color avia-size-medium avia-position-left '  target=\"_blank\"   ><span class='avia_button_icon' aria-hidden='true' data-av_icon='\ue800' data-av_iconfont='entypo-fontello'><\/span><span class='avia_iconbox_title' >PDF Download<\/span><\/a><\/div>\n\n        <\/div>\n    <\/div>\n<\/section>\n\n<\/div>\n\n<\/div><\/p>\n","protected":false},"excerpt":{"rendered":"","protected":false},"author":1,"featured_media":0,"parent":0,"menu_order":0,"comment_status":"closed","ping_status":"open","template":"","meta":{"_bbp_topic_count":0,"_bbp_reply_count":0,"_bbp_total_topic_count":0,"_bbp_total_reply_count":0,"_bbp_voice_count":0,"_bbp_anonymous_reply_count":0,"_bbp_topic_count_hidden":0,"_bbp_reply_count_hidden":0,"_bbp_forum_subforum_count":0},"_links":{"self":[{"href":"https:\/\/www.i-logic.at\/index.php?rest_route=\/wp\/v2\/pages\/167"}],"collection":[{"href":"https:\/\/www.i-logic.at\/index.php?rest_route=\/wp\/v2\/pages"}],"about":[{"href":"https:\/\/www.i-logic.at\/index.php?rest_route=\/wp\/v2\/types\/page"}],"author":[{"embeddable":true,"href":"https:\/\/www.i-logic.at\/index.php?rest_route=\/wp\/v2\/users\/1"}],"replies":[{"embeddable":true,"href":"https:\/\/www.i-logic.at\/index.php?rest_route=%2Fwp%2Fv2%2Fcomments&post=167"}],"version-history":[{"count":11,"href":"https:\/\/www.i-logic.at\/index.php?rest_route=\/wp\/v2\/pages\/167\/revisions"}],"predecessor-version":[{"id":574,"href":"https:\/\/www.i-logic.at\/index.php?rest_route=\/wp\/v2\/pages\/167\/revisions\/574"}],"wp:attachment":[{"href":"https:\/\/www.i-logic.at\/index.php?rest_route=%2Fwp%2Fv2%2Fmedia&parent=167"}],"curies":[{"name":"wp","href":"https:\/\/api.w.org\/{rel}","templated":true}]}}