{"id":50,"date":"2014-10-05T13:51:58","date_gmt":"2014-10-05T13:51:58","guid":{"rendered":"http:\/\/www.i-logic.cc\/?page_id=50"},"modified":"2014-11-06T22:30:57","modified_gmt":"2014-11-06T22:30:57","slug":"messe-event-logistik","status":"publish","type":"page","link":"https:\/\/www.i-logic.at\/?page_id=50","title":{"rendered":"Messe und Event Logistik"},"content":{"rendered":"<span class=\"av_font_icon avia_animate_when_visible av-icon-style-  avia-icon-pos-center \" style=\"color:#cccccc; border-color:#cccccc;\"><span class='av-icon-char' style='font-size:50px;line-height:50px;' aria-hidden='true' data-av_icon='\ue808' data-av_iconfont='entypo-fontello' ><\/span><\/span>\n<div style='height:20px' class='hr hr-invisible '><span class='hr-inner'><span class='hr-inner-style'><\/span><\/span><\/div>\n<section class=\"av_textblock_section\"  itemscope=\"itemscope\" itemtype=\"https:\/\/schema.org\/CreativeWork\" ><div class='avia_textblock '  itemprop=\"text\" ><h2 style=\"text-align: center;\"><strong><b>Messe und Event Logistik<\/b><\/strong><\/h2>\n<\/div><\/section>\n<div style='height:20px' class='hr hr-invisible '><span class='hr-inner'><span class='hr-inner-style'><\/span><\/span><\/div>\n<div class='avia-image-container avia_animated_image avia_animate_when_almost_visible top-to-bottom av-styling-  avia-align-center '  itemscope=\"itemscope\" itemtype=\"https:\/\/schema.org\/ImageObject\"  ><div class='avia-image-container-inner'><a href='https:\/\/www.i-logic.at\/wp-content\/uploads\/2014\/10\/event-messe-1030x685.jpg' class='avia_image'  ><img class='avia_image ' src='https:\/\/www.i-logic.at\/wp-content\/uploads\/2014\/10\/event-messe-1202x430.jpg' alt='' title='i-Logic Messe und Event Logistik'  itemprop=\"contentURL\"  \/><\/a><\/div><\/div>\n<div style='height:20px' class='hr hr-invisible '><span class='hr-inner'><span class='hr-inner-style'><\/span><\/span><\/div>\n<section class=\"av_textblock_section\"  itemscope=\"itemscope\" itemtype=\"https:\/\/schema.org\/CreativeWork\" ><div class='avia_textblock '  itemprop=\"text\" ><p>In puncto Messe und Event-Logistik bieten wir Ihnen alle Servicelevels, und zwar von der simplen Terminanlieferung- und\/oder Abholung, bis zum alles umfassenden All-in Service wo wir als \u201eOne-Stop-Shopping\u201c Anbieter auftreten.<\/p>\n<\/div><\/section>\n<div class=\"flex_column av_one_half first  \"><div style='padding-bottom:10px;' class='av-special-heading av-special-heading-h3 meta-heading   '><h3 class='av-special-heading-tag'  itemprop=\"headline\"  style='padding-bottom:10px;'>Leistungen<\/h3><div class='special-heading-border'><div class='special-heading-inner-border' ><\/div><\/div><\/div>\n<section class=\"av_textblock_section\"  itemscope=\"itemscope\" itemtype=\"https:\/\/schema.org\/CreativeWork\" ><div class='avia_textblock '  itemprop=\"text\" ><p>Jene Kunden, welche sich f\u00fcr dieses Service entscheiden, werden bereits in der Planungsphase unterst\u00fctzt und genie\u00dfen anhand der Beschreibung des geplanten Messeauftritts folgende Leistungen:<\/p>\n<ul>\n<li>Berechnung und Planung der erforderlichen Transportkapazit\u00e4ten<\/li>\n<li>Vorholung<\/li>\n<li>Zwischenlagerung und Produkt\u00fcberpr\u00fcfung der f\u00fcr die Messe\/Event geplanten Produkte und Standbauteile<\/li>\n<li>Zeitablaufplanung und Buchung des erforderlichen Transportequipments, von Abstellfl\u00e4chen am Messegel\u00e4nde, Betriebsmitteln vor Ort (z.B. Stapler, Kran etc.)<\/li>\n<li>Messetransport<\/li>\n<li>Bereitstellung der erforderlichen Manpower vor Ort bei der Messe<\/li>\n<li>Vorort Messemanagement \u2013 Mitarbeiter trifft noch vor dem 1. Anliefer-LKW am Messegel\u00e4nde ein und koordiniert alle Aufgaben ab diesem Zeitpunkt sowie auch w\u00e4hrend der Messe Vorort. Die Abreise erfolgt erst, nachdem der letzte Abtransport-LKW das Messegel\u00e4nde verlassen hat.<\/li>\n<li>Protokolierte \u00dcberwachung der Entladung<\/li>\n<li>Verbringung der Standbauteile und Ausstellungsg\u00fcter auf den Standplatz<\/li>\n<li>Gemanagte Zwischenlagerung der Leerverpackungen (Verantwortungs\u00fcbernahme und Kontrolle, welche Leerverpackung zu welchem Produkt geh\u00f6rt)<\/li>\n<li>Abbau und Wiederverpackung f\u00fcr den R\u00fccktransport und Fotodokumentation im Falle, dass Produkte auf der Messe besch\u00e4digt wurden<\/li>\n<li>R\u00fcckverbringung zu den Transportmitteln<\/li>\n<li>Protokolierte \u00dcberwachung der Beladung<\/li>\n<li>R\u00fccktransport<\/li>\n<li>Lager-Entlade Protokollierung sowie Ger\u00e4tefunktionstests<\/li>\n<li>Einlagerung<\/li>\n<\/ul>\n<\/div><\/section>\n<\/div>\n<div class=\"flex_column av_one_half   \"><p><div style='padding-bottom:10px;' class='av-special-heading av-special-heading-h3 meta-heading   '><h3 class='av-special-heading-tag'  itemprop=\"headline\"  style='padding-bottom:10px;'>All-In Service<\/h3><div class='special-heading-border'><div class='special-heading-inner-border' ><\/div><\/div><\/div><br \/>\n<section class=\"av_textblock_section\"  itemscope=\"itemscope\" itemtype=\"https:\/\/schema.org\/CreativeWork\" ><div class='avia_textblock '  itemprop=\"text\" ><p>Jenen Kunden, welche kein All-In Service ben\u00f6tigen, bieten wir selbstverst\u00e4ndlich auch standardisierte Messe- und Eventservices wie:<\/p>\n<ul>\n<li>Eventlogistik<\/li>\n<li>Co-Packing<\/li>\n<li>Product Sampling<\/li>\n<li>Personalisierung<\/li>\n<li>Werbemittellogistik<\/li>\n<li>2 Mann Zustellservice<\/li>\n<li>Instandhaltungsservice<\/li>\n<li>Leergut Managemenn<\/li>\n<li>Entsorgen<\/li>\n<li>Zollabwicklung Import und Export<\/li>\n<li>Vorortbetreuung<\/li>\n<li>Dokumentation<\/li>\n<\/ul>\n<h4><\/h4>\n<\/div><\/section><br \/>\n<div style='padding-bottom:10px;' class='av-special-heading av-special-heading-h3 meta-heading   '><h3 class='av-special-heading-tag'  itemprop=\"headline\"  style='padding-bottom:10px;'>Erg\u00e4nzende Leistungen<\/h3><div class='special-heading-border'><div class='special-heading-inner-border' ><\/div><\/div><\/div><\/p>\n<section class=\"av_textblock_section\"  itemscope=\"itemscope\" itemtype=\"https:\/\/schema.org\/CreativeWork\" ><div class='avia_textblock '  itemprop=\"text\" ><p>Folgende Leistungen k\u00f6nnen Sie direkt bei i-Logic beauftragen, diese werden durch unsere kompetenten Partner erbracht.<\/p>\n<ul>\n<li>Standbau und M\u00f6bel<\/li>\n<li>Netzwerk und Elektrik<\/li>\n<li>Beleuchtung<\/li>\n<li>Bodenbel\u00e4ge<\/li>\n<li>Multimedia Equipment<\/li>\n<li>Catering und Personal<\/li>\n<\/ul>\n<\/div><\/section>\n<\/div>\n","protected":false},"excerpt":{"rendered":"","protected":false},"author":1,"featured_media":0,"parent":26,"menu_order":2,"comment_status":"closed","ping_status":"open","template":"","meta":{"_bbp_topic_count":0,"_bbp_reply_count":0,"_bbp_total_topic_count":0,"_bbp_total_reply_count":0,"_bbp_voice_count":0,"_bbp_anonymous_reply_count":0,"_bbp_topic_count_hidden":0,"_bbp_reply_count_hidden":0,"_bbp_forum_subforum_count":0},"_links":{"self":[{"href":"https:\/\/www.i-logic.at\/index.php?rest_route=\/wp\/v2\/pages\/50"}],"collection":[{"href":"https:\/\/www.i-logic.at\/index.php?rest_route=\/wp\/v2\/pages"}],"about":[{"href":"https:\/\/www.i-logic.at\/index.php?rest_route=\/wp\/v2\/types\/page"}],"author":[{"embeddable":true,"href":"https:\/\/www.i-logic.at\/index.php?rest_route=\/wp\/v2\/users\/1"}],"replies":[{"embeddable":true,"href":"https:\/\/www.i-logic.at\/index.php?rest_route=%2Fwp%2Fv2%2Fcomments&post=50"}],"version-history":[{"count":11,"href":"https:\/\/www.i-logic.at\/index.php?rest_route=\/wp\/v2\/pages\/50\/revisions"}],"predecessor-version":[{"id":55,"href":"https:\/\/www.i-logic.at\/index.php?rest_route=\/wp\/v2\/pages\/50\/revisions\/55"}],"up":[{"embeddable":true,"href":"https:\/\/www.i-logic.at\/index.php?rest_route=\/wp\/v2\/pages\/26"}],"wp:attachment":[{"href":"https:\/\/www.i-logic.at\/index.php?rest_route=%2Fwp%2Fv2%2Fmedia&parent=50"}],"curies":[{"name":"wp","href":"https:\/\/api.w.org\/{rel}","templated":true}]}}

<span class="av_font_icon avia_animate_when_visible av-icon-style-  avia-icon-pos-center " style="color:#cccccc; border-color:#cccccc;"><span class='av-icon-char' style='font-size:50px;line-height:50px;' aria-hidden='true' data-av_icon='' data-av_iconfont='entypo-fontello' ></span></span>
<div style='height:20px' class='hr hr-invisible '><span class='hr-inner'><span class='hr-inner-style'></span></span></div>
<section class="av_textblock_section"  itemscope="itemscope" itemtype="https://schema.org/CreativeWork" ><div class='avia_textblock '  itemprop="text" ><h2 style="text-align: center;"><strong><b>Messe und Event Logistik</b></strong></h2>
</div></section>
<div style='height:20px' class='hr hr-invisible '><span class='hr-inner'><span class='hr-inner-style'></span></span></div>
<div class='avia-image-container avia_animated_image avia_animate_when_almost_visible top-to-bottom av-styling-  avia-align-center '  itemscope="itemscope" itemtype="https://schema.org/ImageObject"  ><div class='avia-image-container-inner'><a href='https://www.i-logic.at/wp-content/uploads/2014/10/event-messe-1030x685.jpg' class='avia_image'  ><img class='avia_image ' src='https://www.i-logic.at/wp-content/uploads/2014/10/event-messe-1202x430.jpg' alt='' title='i-Logic Messe und Event Logistik'  itemprop="contentURL"  /></a></div></div>
<div style='height:20px' class='hr hr-invisible '><span class='hr-inner'><span class='hr-inner-style'></span></span></div>
<section class="av_textblock_section"  itemscope="itemscope" itemtype="https://schema.org/CreativeWork" ><div class='avia_textblock '  itemprop="text" ><p>In puncto Messe und Event-Logistik bieten wir Ihnen alle Servicelevels, und zwar von der simplen Terminanlieferung- und/oder Abholung, bis zum alles umfassenden All-in Service wo wir als „One-Stop-Shopping“ Anbieter auftreten.</p>
</div></section>
<div class="flex_column av_one_half first  "><div style='padding-bottom:10px;' class='av-special-heading av-special-heading-h3 meta-heading   '><h3 class='av-special-heading-tag'  itemprop="headline"  style='padding-bottom:10px;'>Leistungen</h3><div class='special-heading-border'><div class='special-heading-inner-border' ></div></div></div>
<section class="av_textblock_section"  itemscope="itemscope" itemtype="https://schema.org/CreativeWork" ><div class='avia_textblock '  itemprop="text" ><p>Jene Kunden, welche sich für dieses Service entscheiden, werden bereits in der Planungsphase unterstützt und genießen anhand der Beschreibung des geplanten Messeauftritts folgende Leistungen:</p>
<ul>
<li>Berechnung und Planung der erforderlichen Transportkapazitäten</li>
<li>Vorholung</li>
<li>Zwischenlagerung und Produktüberprüfung der für die Messe/Event geplanten Produkte und Standbauteile</li>
<li>Zeitablaufplanung und Buchung des erforderlichen Transportequipments, von Abstellflächen am Messegelände, Betriebsmitteln vor Ort (z.B. Stapler, Kran etc.)</li>
<li>Messetransport</li>
<li>Bereitstellung der erforderlichen Manpower vor Ort bei der Messe</li>
<li>Vorort Messemanagement – Mitarbeiter trifft noch vor dem 1. Anliefer-LKW am Messegelände ein und koordiniert alle Aufgaben ab diesem Zeitpunkt sowie auch während der Messe Vorort. Die Abreise erfolgt erst, nachdem der letzte Abtransport-LKW das Messegelände verlassen hat.</li>
<li>Protokolierte Überwachung der Entladung</li>
<li>Verbringung der Standbauteile und Ausstellungsgüter auf den Standplatz</li>
<li>Gemanagte Zwischenlagerung der Leerverpackungen (Verantwortungsübernahme und Kontrolle, welche Leerverpackung zu welchem Produkt gehört)</li>
<li>Abbau und Wiederverpackung für den Rücktransport und Fotodokumentation im Falle, dass Produkte auf der Messe beschädigt wurden</li>
<li>Rückverbringung zu den Transportmitteln</li>
<li>Protokolierte Überwachung der Beladung</li>
<li>Rücktransport</li>
<li>Lager-Entlade Protokollierung sowie Gerätefunktionstests</li>
<li>Einlagerung</li>
</ul>
</div></section>
</div>
<div class="flex_column av_one_half   "><p><div style='padding-bottom:10px;' class='av-special-heading av-special-heading-h3 meta-heading   '><h3 class='av-special-heading-tag'  itemprop="headline"  style='padding-bottom:10px;'>All-In Service</h3><div class='special-heading-border'><div class='special-heading-inner-border' ></div></div></div><br />
<section class="av_textblock_section"  itemscope="itemscope" itemtype="https://schema.org/CreativeWork" ><div class='avia_textblock '  itemprop="text" ><p>Jenen Kunden, welche kein All-In Service benötigen, bieten wir selbstverständlich auch standardisierte Messe- und Eventservices wie:</p>
<ul>
<li>Eventlogistik</li>
<li>Co-Packing</li>
<li>Product Sampling</li>
<li>Personalisierung</li>
<li>Werbemittellogistik</li>
<li>2 Mann Zustellservice</li>
<li>Instandhaltungsservice</li>
<li>Leergut Managemenn</li>
<li>Entsorgen</li>
<li>Zollabwicklung Import und Export</li>
<li>Vorortbetreuung</li>
<li>Dokumentation</li>
</ul>
<h4></h4>
</div></section><br />
<div style='padding-bottom:10px;' class='av-special-heading av-special-heading-h3 meta-heading   '><h3 class='av-special-heading-tag'  itemprop="headline"  style='padding-bottom:10px;'>Ergänzende Leistungen</h3><div class='special-heading-border'><div class='special-heading-inner-border' ></div></div></div></p>
<section class="av_textblock_section"  itemscope="itemscope" itemtype="https://schema.org/CreativeWork" ><div class='avia_textblock '  itemprop="text" ><p>Folgende Leistungen können Sie direkt bei i-Logic beauftragen, diese werden durch unsere kompetenten Partner erbracht.</p>
<ul>
<li>Standbau und Möbel</li>
<li>Netzwerk und Elektrik</li>
<li>Beleuchtung</li>
<li>Bodenbeläge</li>
<li>Multimedia Equipment</li>
<li>Catering und Personal</li>
</ul>
</div></section>
</div>
